{"id":599,"date":"2024-12-18T09:08:05","date_gmt":"2024-12-18T08:08:05","guid":{"rendered":"https:\/\/r-and-r.eu\/private-tours\/solta-blue-lagoon\/"},"modified":"2025-07-11T08:48:03","modified_gmt":"2025-07-11T06:48:03","slug":"privatne-ture-solta-blue-lagoon","status":"publish","type":"private-tours","link":"https:\/\/r-and-r.eu\/hr\/private-tours\/privatne-ture-solta-blue-lagoon\/","title":{"rendered":"\u0160olta &amp; Blue Lagoon"},"content":{"rendered":"<p>Plivajte u kristalno \u010distom moru, opustite se na predivnim pla\u017eama i u\u017eivajte u \u0161armu ovog idili\u010dnog otoka. Bilo da plivate u poznatoj Plavoj laguni ili u\u017eivate u ru\u010dku u jednom od \u0161armantnih obalnih mjesta, ova tura obe\u0107ava savr\u0161en dan u raju<\/p>\n<p>Ova tura mo\u017ee biti cijelodnevna ili poludnevna.<\/p>\n","protected":false},"excerpt":{"rendered":"<p>Istra\u017eite zadivljuju\u0107e pla\u017ee du\u017e ju\u017ene obale \u0160olte, uklju\u010duju\u0107i slikovita mjesta Maslinica, Roga\u010d, Ne\u010dujam i Stomorska.<\/p>\n","protected":false},"author":1,"featured_media":483,"menu_order":0,"template":"","format":"standard","meta":{"_acf_changed":false,"footnotes":""},"class_list":["post-599","private-tours","type-private-tours","status-publish","format-standard","has-post-thumbnail","hentry"],"acf":[],"_links":{"self":[{"href":"https:\/\/r-and-r.eu\/hr\/wp-json\/wp\/v2\/private-tours\/599","targetHints":{"allow":["GET"]}}],"collection":[{"href":"https:\/\/r-and-r.eu\/hr\/wp-json\/wp\/v2\/private-tours"}],"about":[{"href":"https:\/\/r-and-r.eu\/hr\/wp-json\/wp\/v2\/types\/private-tours"}],"author":[{"embeddable":true,"href":"https:\/\/r-and-r.eu\/hr\/wp-json\/wp\/v2\/users\/1"}],"version-history":[{"count":14,"href":"https:\/\/r-and-r.eu\/hr\/wp-json\/wp\/v2\/private-tours\/599\/revisions"}],"predecessor-version":[{"id":818,"href":"https:\/\/r-and-r.eu\/hr\/wp-json\/wp\/v2\/private-tours\/599\/revisions\/818"}],"wp:featuredmedia":[{"embeddable":true,"href":"https:\/\/r-and-r.eu\/hr\/wp-json\/wp\/v2\/media\/483"}],"wp:attachment":[{"href":"https:\/\/r-and-r.eu\/hr\/wp-json\/wp\/v2\/media?parent=599"}],"curies":[{"name":"wp","href":"https:\/\/api.w.org\/{rel}","templated":true}]}}

Šolta &amp; Blue Lagoon

<p>Plivajte u kristalno čistom moru, opustite se na predivnim plažama i uživajte u šarmu ovog idiličnog otoka. Bilo da plivate u poznatoj Plavoj laguni ili uživate u ručku u jednom od šarmantnih obalnih mjesta, ova tura obećava savršen dan u raju</p>
<p>Ova tura može biti cijelodnevna ili poludnevna.</p>

<p>Istražite zadivljujuće plaže duž južne obale Šolte, uključujući slikovita mjesta Maslinica, Rogač, Nečujam i Stomorska.</p>
